 12) to base 5.
304000
1020012010 (base 3) to base 6
304003
-600 (base 10) to base 14
-30c
What is -93a (base 12) in base 6?
-10114
What is -430034 (base 6) in base 10?
-35014
What is 1077 (base 9) in base 4?
30133
Convert 715 (base 8) to base 2.
111001101
Convert 2560 (base 7) to base 11.
805
Convert 1444 (base 12) to base 13.
10c3
300 (base 10) to base 6
1220
Convert 11012101010 (base 3) to base 10.
82650
What is 14545 (base 6) in base 5?
33434
Convert 43b (base 14) to base 2.
1101000101
What is -1010100000001100 (base 2) in base 14?
-1196c
440 (base 9) to base 16
168
What is -45543 (base 7) in base 15?
-3680
3261 (base 7) to base 10
1170
11322 (base 4) to base 13
231
What is 1011110110 (base 2) in base 15?
358
26b (base 12) to base 10
371
Convert 545 (base 8) to base 16.
165
3060 (base 10) to base 7
11631
1031223 (base 4) to base 12
2a63
What is 42033 (base 5) in base 14?
101a
What is -a84d (base 14) in base 11?
-1a934
Convert -122 (base 4) to base 10.
-26
Convert -353 (base 8) to base 15.
-10a
25481 (base 11) to base 9
55066
Convert -2623 (base 11) to base 13.
-1727
-4304 (base 10) to base 3
-12220102
Convert 10011111101010 (base 2) to base 7.
41535
2112 (base 9) to base 10
1550
67a2 (base 15) to base 2
101010111011001
Convert -200101 (base 3) to base 8.
-760
4c8d (base 15) to base 2
11111111001101
Convert 30310100 (base 4) to base 9.
80008
What is 123331 (base 5) in base 11?
3701
Convert -10112210 (base 3) to base 12.
-15b6
-31706 (base 9) to base 8
-50771
-470 (base 8) to base 9
-376
What is -1120 (base 3) in base 14?
-30
Convert -8a4 (base 13) to base 2.
-10111001110
What is -1607 (base 8) in base 16?
-387
Convert -42211 (base 5) to base 2.
-101011110110
-1031 (base 13) to base 8
-4275
What is -736 (base 14) in base 6?
-10324
Convert 1b3f (base 16) to base 7.
26223
Convert 10660 (base 9) to base 13.
3303
Convert -26495 (base 12) to base 8.
-146461
-564 (base 12) to base 2
-1100011100
What is 2202100 (base 3) in base 5?
31012
Convert 1101 (base 5) to base 10.
151
Convert 15153 (base 6) to base 10.
2445
-817 (base 9) to base 5
-10124
4891 (base 10) to base 5
124031
What is -1111001010110110 (base 2) in base 6?
-1155354
-133 (base 12) to base 10
-183
Convert -26427 (base 8) to base 14.
-42c7
Convert 588b (base 14) to base 4.
3300303
-5716 (base 8) to base 3
-11010221
Convert -2133 (base 4) to base 13.
-c3
-30a9 (base 15) to base 11
-77aa
Convert -9602 (base 13) to base 6.
-240125
143404 (base 6) to base 10
13756
Convert 1930 (base 10) to base 5.
30210
-21212001 (base 3) to base 16
-165d
What is -4179 (base 13) in base 8?
-21541
-10401 (base 5) to base 13
-43b
Convert -3144 (base 6) to base 12.
-4b4
What is 1307 (base 11) in base 5?
23301
-221022 (base 4) to base 3
-10121120
What is -33020 (base 4) in base 16?
-3c8
What is -100111011 (base 2) in base 12?
-223
Convert -333 (base 11) to base 16.
-18f
10000 (base 6) to base 5
20141
Convert 100101111001111 (base 2) to base 15.
5b3c
Convert 116a2 (base 16) to base 10.
71330
What is 110011011 (base 2) in base 8?
633
-2264 (base 7) to base 11
-695
-652 (base 10) to base 5
-10102
49 (base 14) to base 9
72
What is 220211020 (base 3) in base 10?
18096
Convert -110140 (base 6) to base 4.
-2032230
What is -23332323 (base 4) in base 3?
-2111022220
Convert 478e (base 16) to base 4.
10132032
-2120 (base 8) to base 13
-66c
Convert -31304 (base 5) to base 3.
-2212000
Convert -1011101011 (base 2) to base 16.
-2eb
What is -2014 (base 8) in base 6?
-4444
What is 154012 (base 8) in base 2?
1101100000001010
68 (base 10) to base 2
1000100
What is 37b4a (base 12) in base 2?
10010100010101010
-1243330 (base 5) to base 11
-17732
What is -465 (base 10) in base 16?
-1d1
617 (base 11) to base 6
3240
Convert -232 (base 15) to base 13.
-2c3
Convert 4053 (base 14) to base 11.
8335
31331 (base 4) to base 15
3e8
-1011 (base 5) to base 7
-245
Convert -106 (base 12) to base 6.
-410
What is -343200 (base 5) in base 10?
-12300
What is -84b6 (base 15) in base 3?
-1102111200
-1451 (base 9) to base 15
-4d4
Convert -2410211 (base 5) to base 15.
-d271
10143 (base 5) to base 4
22201
What is 1058 (base 14) in base 11?
2136
Convert 2542 (base 6) to base 7.
1601
What is 2320000 (base 5) in base 13?
160a2
What is -10001020112 (base 3) in base 4?
-32220302
Convert 10111111110100 (base 2) to base 14.
468c
What is 26610 (base 9) in base 14?
67b1
Convert 44713 (base 11) to base 5.
4032444
What is -10102 (base 4) in base 11?
-22a
-3849 (base 10) to base 9
-5246
Convert 2206 (base 11) to base 2.
101101011110
What is -122021 (base 4) in base 3?
-2021222
What is 182 (base 14) in base 15?
15a
Convert -707 (base 11) to base 9.
-1148
Convert 129 (base 14) to base 8.
351
Convert -1313100 (base 4) to base 12.
-4500
Convert -199 (base 13) to base 3.
-101221
Convert 102211 (base 3) to base 9.
384
Convert -11220111 (base 3) to base 5.
-103302
22475 (base 11) to base 7
163532
13b (base 15) to base 5
2111
Convert 238 (base 12) to base 16.
14c
2634 (base 10) to base 14
d62
-205 (base 16) to base 6
-2221
-1924 (base 12) to base 13
-150a
198 (base 13) to base 16
126
-c9 (base 16) to base 12
-149
What is -393 (base 13) in base 15?
-2bc
Convert -5a29 (base 13) to base 14.
-48bc
What is -1001100010011010 (base 2) in base 14?
-10346
What is -1364 (base 7) in base 16?
-218
What is -200 (base 6) in base 8?
-110
Convert -58248 (base 9) to base 16.
-97bb
Convert -452 (base 8) to base 10.
-298
-1021231 (base 4) to base 8
-11155
Convert 42a2 (base 14) to base 4.
2303312
Convert -843 (base 11) to base 13.
-601
10540 (base 7) to base 4
221302
What is 13133 (base 4) in base 5?
3404
What is 40003 (base 5) in base 9?
3381
What is 110321 (base 5) in base 9?
5232
What is 508 (base 13) in base 5?
11403
-10220012 (base 3) to base 7
-11165
Convert 573 (base 10) to base 4.
20331
-841 (base 13) to base 2
-10101111101
What is -2011 (base 9) in base 12?
-a24
Convert -1171 (base 12) to base 3.
-2200111
Convert -275d (base 14) to base 15.
-20cd
10223 (base 6) to base 8
2547
What is 3347 (base 11) in base 15?
148c
21d (base 14) to base 12
2ab
Convert 14602 (base 7) to base 16.
fe5
-4323 (base 11) to base 8
-13120
100001000101 (base 2) to base 16
845
What is 5155 (base 12) in base 13?
4049
Convert 114 (base 5) to base 7.
46
What is -5241 (base 6) in base 14?
-601
111010000101011 (base 2) to base 9
44713
What is -12213 (base 7) in base 14?
-1243
Convert 543 (base 9) to base 16.
1bc
Convert 14247 (base 9) to base 16.
25d2
1180 (base 15) to base 12
21a0
33544 (base 6) to base 8
11210
What is -10a2b (base 13) in base 11?
-20835
What is 13103020 (base 4) in base 16?
74c8
What is 3016 (base 8) in base 11?
118a
293 (base 14) to base 4
20021
-10111011 (base 2) to base 11
-160
-115450 (base 6) to base 8
-24126
98 (base 13) to base 4
1331
What is 60341 (base 7) in base 3?
202000002
2a28 (base 15) to base 16
234e
13436 (base 7) to base 8
7105
-1260 (base 12) to base 10
-2088
Convert -1410 (base 11) to base 3.
-2111122
298 (base 10) to base 13
19c
What is 519c (base 16) in base 12?
10110
What is -6601 (base 8) in base 4?
-312001
60de (base 15) to base 8
47753
-2aa (base 15) to base 6
-2454
589 (base 10) to base 14
301
What is 6446 (base 8) in base 7?
12546
Convert 1656 (base 11) to base 5.
31433
What is 36a1 (base 14) in base 7?
36561
Convert 25a7 (base 11) to base 5.
102014
Convert -1643 (base 8) to base 16.
-3a3
9153 (base 14) to base 15
75e5
What is 5101 (base 6) in base 10?
1117
What is -701 (base 8) in base 11?
-379
Convert -338 (base 9) to base 8.
-426
-100101000 (base 2) to base 6
-1212
-1416 (base 8) to base 3
-1001222
23a (base 14) to base 8
674
What is -1805b (base 14) in base 9?
-101825
Convert -21222100 (base 3) to base 5.
-141224
-101020202 (base 3) to base 9
-11222
What is -7050 (base 8) in base 2?
-111000101000
What is 1a5b (base 16) in base 5?
203442
Convert -140024 (base 7) to base 14.
-98bb
Convert -b4 (base 16) to base 7.
-345
What is 44b (base 12) in base 9?
775
What is 1114133 (base 5) in base 11?
13a68
What is -22011 (base 3) in base 2?
-11011100
-a842 (base 12) to base 10
-18482
Convert -4231 (base 6) to base 14.
-4c3
What is 313032 (base 4) in base 8?
6716
Convert 42 (base 11) to base 8.
56
What is 11001001100111 (base 2) in base 4?
3021213
631 (base 7) to base 4
10330